24. What is the hundreds digit of h/9*(-381)/(-12)?
1
Suppose -166 = -20*u + 17*u - 4*y, -4*u = -y - 234. What is the tens digit of u?
5
Let l = 719 - 403. What is the hundreds digit of l?
3
Suppose -m - 3*m + 8 = 0. Suppose -w = v - 3*v - 74, -m*w + v + 148 = 0. What is the units digit of w?
4
Let s be (-8 - -2)*12/8. Let i(n) = -15*n - 24. What is the tens digit of i(s)?
1
Let q = 9635 - 4792. What is the units digit of q?
3
Let a = -6 + 6. Suppose 4*n - 246 = -2*f, -5*n + n + 3*f + 241 = a. What is the units digit of n?
1
Let r = 22 + -22. Suppose -6*h + 9 = -3. Suppose r*a + 120 = h*a. What is the units digit of a?
0
Let f(z) = 2*z + 26. Let n(h) = -3*h - 51. Let r(j) = -7*f(j) - 3*n(j). What is the units digit of r(-20)?
1
Let c(n) = n**3 + 12*n**2 - 2*n - 26. Let d be c(-12). What is the tens digit of (-7 + 6)/(d/32)?
1
Let k(d) = 185*d**2 - 1. Let w be k(1). Suppose -3*l + w = 4*b - 5*l, -86 = -2*b - 2*l. Suppose 3*f - 63 = b. What is the tens digit of f?
3
Let k(w) = -219*w - 66. What is the hundreds digit of k(-4)?
8
Let f be 6/5*110/4. Let n = -15 + f. Let d = n + 5. What is the tens digit of d?
2
What is the tens digit of (-3831)/(-8) + (12 + -6)/48?
7
What is the units digit of (-6)/9*15*206/(-4)?
5
Let c be (-12)/3*(-3)/6. What is the units digit of (-340)/(-40) + c/(-4)?
8
Suppose 0 = -3*p + 2*g + 12, -g + 6 = -3*p - 5*g. Suppose 0*c + 3*c = p*h, 2*c - 2*h = -2. Suppose v = -0 + c. What is the units digit of v?
2
Suppose 2*f = -4*m - 2 + 4, -3 = f + 3*m. Suppose -f*k = -14*k + 295. Suppose -b - 4*x = 2*b - 176, -k = -b - x. What is the units digit of b?
0
What is the tens digit of 13330/(-4)*18/(-45)?
3
Let k(q) = 26*q. Suppose 2*m - 2*s - 14 = 0, 2*s = -2*m + 3*s + 19. Let u = 13 - m. What is the tens digit of k(u)?
2
Let k = 366 + -151. Let v = k - 143. What is the tens digit of v?
7
Let r(l) = 2*l**2 + 3*l. Let u be r(-2). Let j be u/(-5) + 2/5. What is the tens digit of 24*((-1)/(-1) - j)?
2
Let r(g) = -15*g - 24. Let y(a) = 5*a + 2*a + 2 + 2 + 8. Let h(p) = 6*r(p) + 13*y(p). What is the units digit of h(5)?
7
Let p = 13 - 7. Let v(g) be the third derivative of g**5/60 - g**4/24 - g**3 + 4*g**2. What is the tens digit of v(p)?
2
Let i = -10 - -12. Suppose 2*z - 42 = 4*o, 0 = -3*z - 2*z + 2*o + 121. Suppose -z = -i*g - 3. What is the units digit of g?
1
Let t = 1024 - 416. What is the units digit of t?
8
Suppose 49 = 2*x + z - 91, 2*x + 3*z = 148. Suppose v - 2*v - 4*r + x = 0, 2*r - 78 = -v. What is the units digit of v?
8
What is the hundreds digit of (-9*(-2)/3)/((-2)/(-269))?
8
Let f(g) = 6*g**3 - 4*g**3 - 3*g**3 - 10*g**2 + 11 - 6. Let s be f(-10). Suppose -4*a - s*h + 85 = -0*a, 0 = -2*a + h + 53. What is the tens digit of a?
2
Let z = -29 - -674. What is the tens digit of z?
4
Suppose 60*o - 54*o = 1272. Let g = 352 + -201. Let t = o - g. What is the units digit of t?
1
Let u be 8/(-36) - 60/(-27). Suppose -u*d + 5 = -b - 2, 3*d - 4*b = 23. What is the units digit of d?
1
Let w(m) = -m**2 - 7*m + 10. Let p be 8/(-6)*(-1 - -7). Let k be w(p). Suppose -4*t = c - 19, 4 + 41 = k*c + t. What is the tens digit of c?
2
Suppose 18395 = 5*r + 3295. What is the hundreds digit of r?
0
Suppose 12*k = 13*k - 3. Suppose k*l - 15 + 6 = 0. Suppose l*c - 41 - 43 = 0. What is the tens digit of c?
2
Let l(s) be the second derivative of 3*s**3/2 - 11*s**2/2 + 26*s. What is the tens digit of l(11)?
8
Suppose -a + 0*i + 1 = -4*i, i - 8 = 3*a. Let k = 3 + a. Suppose 3*t - t - 26 = k. What is the tens digit of t?
1
Let p be 33/22*4/(-3). Let k = 5 + p. Suppose 2*d - 3*n - 49 = 0, d + k*n = 4 - 2. What is the tens digit of d?
1
What is the hundreds digit of (5*(-24)/(-150))/((-9)/(-33255))?
9
Suppose -11687 = -132*t + 119*t. What is the hundreds digit of t?
8
Let t be 15*((-60)/9)/(-2). Let v = t + -30. What is the units digit of 8/v + (-36)/(-10)?
4
Let g = 63 + 12. Let m = g + -37. What is the tens digit of m?
3
Let k = 212 + -59. What is the tens digit of k?
5
Let i(r) = 24*r + 3. Let g be i(10). Let o = g + -48. Suppose -m = 4*m - o. What is the tens digit of m?
3
Let l(q) be the third derivative of -q**5/60 - 5*q**4/12 - 5*q**3/3 + 2*q**2. Let v be (-4)/26 + (-306)/39. What is the units digit of l(v)?
6
Let m(o) = 2*o**2 - 4*o + 89. What is the tens digit of m(26)?
3
Let j(z) = 58*z + 2. Let o be j(2). Suppose o + 134 = -2*s. Let n = -80 - s. What is the units digit of n?
6
Suppose 21 = q + 14. Let o be 396/84 - (-2)/q. Suppose -29 = -h + o*v, -h + 117 = 2*h - 5*v. What is the units digit of h?
4
Let r = -649 + 651. Let l = 0 - -2. Suppose -r*w + 3*c = -10 - 33, l*w - 49 = c. What is the tens digit of w?
2
Let w(v) = v**2 - v - 5. Let t be w(3). Let p(b) = 212*b**2 - b + 1. What is the units digit of p(t)?
2
Let m(g) = -11*g + 19*g - 7*g + g**2. Let c be m(0). Suppose q + c = 1. What is the units digit of q?
1
Let t = 60 + 124. What is the tens digit of t?
8
Suppose x = -4*g + 1020, -x = g - 2*x - 260. What is the units digit of (-7 - -4)/((-3)/g)?
6
Let w be (-4)/18 - 38/(-9). Let p = 4 - w. Suppose p*g + 3*g - 63 = 0. What is the units digit of g?
1
Let w(x) = -2*x**3 - 4*x**2 + 7*x - 2. Let p be w(-3). Let b(q) = 7 - 5*q + 4 - 4 - q**2. What is the units digit of b(p)?
7
Let u = -16 - -18. Suppose 0*f + 12 = 4*f. What is the tens digit of (1/u)/(f/294)?
4
Let b = -6 + 14. Let p = b - 12. Let k = 0 - p. What is the units digit of k?
4
Let u(m) = -m**3 - m**2 + 5*m + 1. Suppose -z = 3*d - 13, 0 = 3*z + z - 4. Suppose d = i + 8. What is the units digit of u(i)?
9
Let h be (-7 - (-6)/(-2))/(-2). Suppose -25 = -h*f, 4*j + 15 = 3*j + 3*f. Let z = j - -23. What is the units digit of z?
3
Suppose -5*m + 2*l = -6, -4*l = -2*m - 0*l + 12. Suppose 114 = 2*y - m*y. What is the units digit of y?
7
Let c(s) = -s**3 - 9*s**2 + 10*s + 5. Let p be c(-10). Let o be (5 - p) + 1 + -1. Suppose i = 3*d + 30 + 41, d + 4 = o. What is the tens digit of i?
5
Suppose -j = 2*y - 1 - 2, 10 = 2*y. Let u = 3 - j. What is the units digit of u?
0
Suppose -4*x + 10325 = -3*p, p + 2114 + 466 = x. What is the units digit of x?
5
Suppose s = 5*l + 679, -213 = s + 4*l - 901. What is the tens digit of s?
8
Let k(c) = -7*c - 13. Let l be k(-6). Let t = l + -22. Let s(q) = 6*q - 9. What is the units digit of s(t)?
3
Suppose 3*p + 2040 = 7*p. What is the units digit of p?
0
Let m(t) = -t**3 - 26*t - 27. What is the units digit of m(-10)?
3
Let b(z) = -z**3 - z - 4. Let j be b(0). Let a(i) = i**2 - 3 - 6 + 2. What is the units digit of a(j)?
9
Let k = -88 - -90. Suppose -m = k*m - 255. What is the units digit of m?
5
Let v be (-3 - 8/(-3)) + 49/3. Suppose -3*z = -2*z - 9. Suppose 2*w = -3*j + z + v, -3*j - 30 = -3*w. What is the tens digit of w?
1
Suppose -60*d - 21471 = -77*d. What is the tens digit of d?
6
Let b = 413 - -253. What is the hundreds digit of b?
6
Let l be (172/2)/(7/(7/2)). Let u = l - -35. What is the tens digit of u?
7
Let q be (-4)/(-3) - (-8)/3. Suppose v + 2 = -0, q*v = -a + 50. What is the tens digit of a?
5
Let h be (2/4)/(3/(-630)). Suppose 2*l + 296 = -2*v, 358 = 5*v - 3*l + 1106. Let j = h - v. What is the units digit of j?
4
Let o be ((-404)/(-6))/(14/6 - 2). Suppose 0 = m - 3*m + o. What is the units digit of m?
1
Let i be -6*(-92)/(-12)*-1. Let s be (-6)/21 - i/(-14). Let g(l) = 4*l + 1. What is the tens digit of g(s)?
1
Let j = 0 - 0. Suppose j = 5*r + 23 - 98. Suppose -4*c = -3*c - r. What is the tens digit of c?
1
Let j(f) = f**2 - 30*f - 12. Let u be j(21). Let i = u - -302. What is the tens digit of i?
0
Let t = -133 - -138. Suppose 0 = -t*o + 3*w - 4*w + 1460, -4*w = -o + 313. What is the units digit of o?
3
Let n(d) = 6*d**3 - 13*d**2 + 7*d + 4. What is the hundreds digit of n(7)?
4
Suppose -x = -2*o + 12, -o - 5*x = 7 - 24. Let c = 9 - o. What is the units digit of ((1 - -18) + -3)/c?
8
Let o(n) = 2*n**3 + 63*n**2 + 29*n + 85. What is the units digit of o(-30)?
5
What is the tens digit of 340/1 + (-15)/(-3)*-1?
3
Let n = 3434 + -2100. Suppose -2*j - h = -3*j + 270, 5*j + 3*h - n = 0. What is the units digit of j?
8
Suppose -w + 30 = w. Suppose 315 + 465 = w*n. What is the tens digit of n?
5
Let v = -195 + 615. What is the hundreds digit of v?
4
Let q(z) = -3*z**3 + z**2 + 7*z - 10. Let f be q(4). Let u be (-4)/12 - f/6. Let x = u - 0. Wh